 is divided by 9.
5
Calculate the remainder when 4245 is divided by 95.
65
What is the remainder when 40937 is divided by 66?
17
What is the remainder when 102912 is divided by 2450?
12
Calculate the remainder when 120633 is divided by 264.
249
Calculate the remainder when 3876 is divided by 3821.
55
Calculate the remainder when 57550 is divided by 13.
12
Calculate the remainder when 2262512 is divided by 327.
326
What is the remainder when 23537 is divided by 198?
173
Calculate the remainder when 245698 is divided by 351.
349
Calculate the remainder when 1229 is divided by 146.
61
What is the remainder when 14429 is divided by 1808?
1773
What is the remainder when 1124 is divided by 200?
124
What is the remainder when 2831 is divided by 95?
76
What is the remainder when 18661 is divided by 9270?
121
Calculate the remainder when 3901 is divided by 277.
23
Calculate the remainder when 734 is divided by 677.
57
Calculate the remainder when 2953 is divided by 2832.
121
What is the remainder when 4291 is divided by 225?
16
What is the remainder when 21703 is divided by 2710?
23
What is the remainder when 32533 is divided by 18?
7
What is the remainder when 99380 is divided by 621?
20
What is the remainder when 28818 is divided by 126?
90
Calculate the remainder when 101799 is divided by 99.
27
What is the remainder when 39365 is divided by 410?
5
What is the remainder when 20881 is divided by 50?
31
Calculate the remainder when 246045 is divided by 12.
9
What is the remainder when 425709 is divided by 16?
13
Calculate the remainder when 7807 is divided by 279.
274
What is the remainder when 3860 is divided by 42?
38
Calculate the remainder when 433 is divided by 374.
59
What is the remainder when 5621 is divided by 1863?
32
Calculate the remainder when 24212 is divided by 81.
74
Calculate the remainder when 7078 is divided by 539.
71
Calculate the remainder when 1137 is divided by 151.
80
What is the remainder when 24477 is divided by 69?
51
Calculate the remainder when 3835 is divided by 423.
28
Calculate the remainder when 5375 is divided by 2639.
97
What is the remainder when 50187 is divided by 57?
27
What is the remainder when 175797 is divided by 38?
9
What is the remainder when 10853 is divided by 112?
101
Calculate the remainder when 315196 is divided by 63034.
26
Calculate the remainder when 29376 is divided by 121.
94
What is the remainder when 3905 is divided by 3875?
30
What is the remainder when 11683 is divided by 655?
548
Calculate the remainder when 33549 is divided by 138.
15
What is the remainder when 14387 is divided by 30?
17
What is the remainder when 14423 is divided by 91?
45
What is the remainder when 1431 is divided by 182?
157
What is the remainder when 17257 is divided by 4305?
37
What is the remainder when 7169 is divided by 894?
17
Calculate the remainder when 1965 is divided by 218.
3
What is the remainder when 302301 is divided by 67?
64
Calculate the remainder when 150911 is divided by 131.
130
What is the remainder when 106919 is divided by 30?
29
What is the remainder when 814207 is divided by 363?
361
What is the remainder when 54222 is divided by 27030?
162
Calculate the remainder when 9205 is divided by 50.
5
What is the remainder when 1638 is divided by 19?
4
Calculate the remainder when 14069 is divided by 350.
69
Calculate the remainder when 3015 is divided by 992.
39
Calculate the remainder when 19777 is divided by 55.
32
What is the remainder when 9876 is divided by 99?
75
What is the remainder when 91859 is divided by 34?
25
Calculate the remainder when 12175 is divided by 1400.
975
Calculate the remainder when 82410 is divided by 993.
984
What is the remainder when 7953 is divided by 2649?
6
What is the remainder when 12021603 is divided by 14?
13
What is the remainder when 3190 is divided by 1057?
19
What is the remainder when 60426 is divided by 15069?
150
What is the remainder when 425348 is divided by 105?
98
Calculate the remainder when 255419 is divided by 297.
296
Calculate the remainder when 4591 is divided by 140.
111
Calculate the remainder when 90423 is divided by 36.
27
What is the remainder when 2287 is divided by 864?
559
What is the remainder when 169809 is divided by 473?
2
Calculate the remainder when 94427 is divided by 11.
3
Calculate the remainder when 163502 is divided by 49.
38
What is the remainder when 1981 is divided by 192?
61
Calculate the remainder when 1598241 is divided by 379.
377
Calculate the remainder when 55 is divided by 22.
11
Calculate the remainder when 118046 is divided by 112.
110
What is the remainder when 1592 is divided by 1495?
97
Calculate the remainder when 30107 is divided by 672.
539
Calculate the remainder when 40022 is divided by 8.
6
What is the remainder when 41598 is divided by 71?
63
What is the remainder when 444325 is divided by 32?
5
What is the remainder when 10543 is divided by 3454?
181
What is the remainder when 50202 is divided by 12?
6
What is the remainder when 379060 is divided by 54151?
3
What is the remainder when 1316 is divided by 1229?
87
What is the remainder when 1742 is divided by 193?
5
Calculate the remainder when 28271 is divided by 2355.
11
Calculate the remainder when 27270 is divided by 27251.
19
What is the remainder when 1265 is divided by 143?
121
What is the remainder when 68249 is divided by 131?
129
What is the remainder when 1898 is divided by 16?
10
Calculate the remainder when 6246 is divided by 391.
381
What is the remainder when 498025 is divided by 3255?
10
Calculate the remainder when 1430 is divided by 1217.
213
What is the remainder when 90598 is divided by 1241?
5
What is the remainder when 5530 is divided by 6?
4
What is the remainder when 2099 is divided by 165?
119
Calculate the remainder when 2446 is divided by 2337.
109
Calculate the remainder when 7789 is divided by 1035.
544
Calculate the remainder when 93610 is divided by 46786.
38
What is the remainder when 19807 is divided by 3958?
17
Calculate the remainder when 340373 is divided by 41.
32
What is the remainder when 503 is divided by 251?
1
Calculate the remainder when 28544 is divided by 5.
4
What is the remainder when 11416 is divided by 290?
106
Calculate the remainder when 25743 is divided by 384.
15
What is the remainder when 9595 is divided by 437?
418
Calculate the remainder when 42679 is divided by 368.
359
Calculate the remainder when 47135 is divided by 24.
23
What is the remainder when 8662 is divided by 2873?
43
Calculate the remainder when 42184 is divided by 348.
76
What is the remainder when 111927 is divided by 41?
38
Calculate the remainder when 85563 is divided by 2249.
101
What is the remainder when 565717 is divided by 32?
21
Calculate the remainder when 2172 is divided by 297.
93
What is the remainder when 41389 is divided by 57?
7
Calculate the remainder when 17333 is divided by 91.
43
What is the remainder when 610 is divided by 544?
66
Calculate the remainder when 35289 is divided by 68.
65
Calculate the remainder when 42597 is divided by 113.
109
Calculate the remainder when 914928 is divided by 1176.
0
What is the remainder when 53871 is divided by 431?
427
What is the remainder when 3641 is divided by 79?
7
What is the remainder when 5388 is divided by 1770?
78
What is the remainder when 87514 is divided by 21869?
38
Calculate the remainder when 242944 is divided by 43.
37
What is the remainder when 124 is divided by 107?
17
What is the remainder when 3047425 is divided by 30?
25
Calculate the remainder when 2219 is divided by 201.
8
What is the remainder when 17127 is divided by 252?
243
What is the remainder when 1073574 is divided by 19?
17
What is the remainder when 21749 is divided by 147?
140
Calculate the remainder when 22058 is divided by 18.
8
Calculate the remainder when 21073 is divided by 208.
65
Calculate the remainder when 1296 is divided by 188.
168
Calculate the remainder when 65005 is divided by 14.
3
Calculate the remainder when 16204 is divided by 114.
16
What is the remainder when 2089 is divided by 231?
10
Calculate the remainder when 1850446 is divided by 22.
4
What is the remainder when 34258 is divided by 612?
598
What is the remainder when 8313 is divided by 22?
19
Calculate the remainder when